{"id":3835,"date":"2025-06-09T12:39:41","date_gmt":"2025-06-09T09:39:41","guid":{"rendered":"https:\/\/matkailu.samediggi.fi\/juvsattetteevuotacielgiittas\/"},"modified":"2026-01-07T12:17:26","modified_gmt":"2026-01-07T10:17:26","slug":"juvsattetteevuotacielgiittas","status":"publish","type":"page","link":"https:\/\/matkailu.samediggi.fi\/smn\/juvsattetteevuotacielgiittas\/","title":{"rendered":"Juvs\u00e2ttetteevuot\u00e2&shy;\u010dielgiitt\u00e2s"},"content":{"rendered":"<div class=\"wpb-content-wrapper\"><p>[vc_row row_height_percent=&#8221;0&#8243; override_padding=&#8221;yes&#8221; h_padding=&#8221;2&#8243; top_padding=&#8221;2&#8243; bottom_padding=&#8221;4&#8243; back_color=&#8221;color-xsdn&#8221; overlay_alpha=&#8221;50&#8243; gutter_size=&#8221;3&#8243; column_width_percent=&#8221;100&#8243; shift_y=&#8221;0&#8243; z_index=&#8221;0&#8243; uncode_shortcode_id=&#8221;125961&#8243; back_color_type=&#8221;uncode-palette&#8221;][vc_column][vc_column_text uncode_shortcode_id=&#8221;145145&#8243;]<\/p>\n<h2>Palv\u00e2lus juvs\u00e2ttetteevuot\u00e2<\/h2>\n<p>Nettisiij\u0111oh tevdih i\u00e4n\u00e1\u00e1\u0161 u\u00e1sild laav\u00e2 vaatt\u00e2m A- j\u00e1 AA-t\u00e4\u00e4si juvs\u00e2ttetteevuot\u00e2kriterijd (WCAG 2.1), i\u00e4ge siij\u0111oin lah kriitt\u00e2liih v\u00e1\u00e1ijuvvuo\u0111ah juvs\u00e2ttetteevuo\u0111\u00e2st. Nettipalv\u00e2lus\u00e2st orroo ku\u00e1vd\u00e1\u0161liih v\u00e1\u00e1ijuvvuo\u0111ah l\u00e1\u00e1 kovvejum ma\u014bel\u00e1\u00e1 taan \u010dielgiitt\u00e2s\u00e2st. Juvs\u00e2ttetteevuot\u00e2 lii testajum nettipalv\u00e2lus toim\u00e2tteijee tooim\u00e2st juvs\u00e2ttetteevuot\u00e2pierg\u00e2sij viev\u00e2st. Juvs\u00e2ttetteevuot\u00e2 v\u00e1ldoo hu\u00e1mm\u00e1\u0161um\u00e1n meid puoh u\u0111\u0111\u00e2 jie\u0161vuo\u0111\u00e2i ovdedempargoost.<\/p>\n<p>Jis tuu tarb\u00e2\u0161em material ij lah juvs\u00e2ttettee, te v\u00e4\u00e4ldi mijj\u00e2n oht\u00e2vuo\u0111\u00e2 <a href=\"https:\/\/samediggi.fi\/an\/ohtavuotatiaduh\/\" target=\"_blank\" rel=\"noopener\">\u0161le\u0111g\u00e2post\u00e1in<\/a>. Mij toim\u00e2ttep tuu tarb\u00e2\u0161em material juvs\u00e2ttettee h\u00e4\u00e4mist.<\/p>\n<p><strong>Koveh j\u00e1 diagrameh:<\/strong> Sisk\u00e1ld\u00e2ssiij\u0111oin l\u00e1\u00e1 motomeh koveh, moid i\u00e4 lah mi\u00e4ru\u0161t\u00e2llum kovvejeijee tekst\u00e2vastuuh. Siij\u0111oin l\u00e1\u00e1 meid motomeh koveh, main lii tekst\u00e2. (WCAG 1.1.1, WCAG 1.4.5)<\/p>\n<p><strong>Lii\u014bkah:<\/strong> Lii\u014bk\u00e2i noom\u00e2in l\u00e1\u00e1 v\u00e1\u00e1ijuvvuo\u0111ah. Siij\u0111oin l\u00e1\u00e1 pu\u00e1ht\u00e1m kevtti\u0111 si\u00e4mm\u00e1\u00e1 li\u014bkk\u00e2teevst\u00e2 lii\u014bk\u00e2in, moh stivrejeh kevttee sier\u00e2 \u010duos\u00e2ttuvv\u00e1id. Puoh li\u014bkk\u00e2teevstah i\u00e4 tooim\u00e2 \u00e4\u0161\u0161ioht\u00e2vuo\u0111\u00e2st sier\u00e2 tego \u201du\u00e1pp\u00e1\u00e1sm t\u00e4st\u201d teik\u00e2 \u201dkeej\u00e2 puoh\u201d. Siij\u0111oin l\u00e1\u00e1 kovelii\u014bkah, main v\u00e1ilu lii\u014bk\u00e2 t\u00e1rgutt\u00e2s \u010dujotteijee tekst\u00e2vaast\u00e2. (WCAG 2.4.4)<\/p>\n<p><strong>Uucc\u00e2m:<\/strong> Siij\u0111oi almos uucc\u00e2m ij tooim\u00e2 \u010d\u00e1\u00e1itulohhein j\u00e1 palv\u00e2lus uucc\u00e2mtooim\u00e2in l\u00e1\u00e1 v\u00e1\u00e1ijuvliih raav\u00e2teevstah. Taam vigg\u00e2p tivvoo\u0111 pu\u00e1ttee peividmijn (WCAG 3.3.2)<\/p>\n<p><strong>Vu\u00e1juttum videoh:<\/strong> Vu\u00e1juttum YouTube-pierg\u00e2s pu\u00e1luh i\u00e4 luhhuu puoh \u010d\u00e1\u00e1itulohheiguin rieht\u00e2. Laav\u00e2 v\u00e1t\u00e1m\u00e2\u0161ah i\u00e4 kuosk\u00e2 t\u00e1gg\u00e1\u00e1r ku\u00e1lm\u00e1d u\u00e1sipele sisk\u00e1ld\u00e2s\u00e2n. (WCAG 1.1.1)[\/vc_column_text][\/vc_column][\/vc_row]<\/p>\n<\/div>","protected":false},"excerpt":{"rendered":"<p>Taat \u010dielgiitt\u00e2s ku\u00e1sk\u00e1 matkailu.samediggi.fi -nettisij\u0111oid. Nettisij\u0111oid ku\u00e1sk\u00e1 laah\u00e2 digitaallij palv\u00e2lus\u00e2i fal\u00e2mist. Laav\u00e2 mield almos nettipalv\u00e2lusah kalgeh le\u0111e juvs\u00e2ttetteeh a\u0111ai puoh\u00e2in kalgeh le\u0111e t\u00e4sivi\u00e4rd\u00e1siih m\u00e1h\u0111ul\u00e2\u0161vuo\u0111ah kevtti\u0111 nettipalv\u00e2lus\u00e2id. \u010cielgiitt\u00e2s\u00e2st mu\u0161t\u00e2luvvoo, ete moh v\u00e1\u00e1ijuvvuo\u0111\u00e2id siij\u0111oi juvs\u00e2ttetteevuo\u0111\u00e2st l\u00e1\u00e1 j\u00e1 maht tun pu\u00e1vt\u00e1h adeli\u0111 mac\u00e2tt\u00e2s siij\u0111oi juvs\u00e2ttetteevuo\u0111\u00e2st. \u010cielgiitt\u00e2s lii rahtum 31.1.2024.<\/p>\n","protected":false},"author":8,"featured_media":199,"parent":0,"menu_order":0,"comment_status":"closed","ping_status":"open","template":"","meta":{"footnotes":""},"class_list":["post-3835","page","type-page","status-publish","has-post-thumbnail","hentry"],"yoast_head":"<!-- This site is optimized with the Yoast SEO plugin v26.6 - https:\/\/yoast.com\/wordpress\/plugins\/seo\/ -->\n<title>Juvs\u00e2ttetteevuot\u00e2&shy;\u010dielgiitt\u00e2s - Saamelaismatkailu<\/title>\n<meta name=\"robots\" content=\"index, follow, max-snippet:-1, max-image-preview:large, max-video-preview:-1\" \/>\n<link rel=\"canonical\" href=\"https:\/\/matkailu.samediggi.fi\/smn\/juvsattetteevuotacielgiittas\/\" \/>\n<meta property=\"og:locale\" content=\"en_US\" \/>\n<meta property=\"og:type\" content=\"article\" \/>\n<meta property=\"og:title\" content=\"Juvs\u00e2ttetteevuot\u00e2&shy;\u010dielgiitt\u00e2s - Saamelaismatkailu\" \/>\n<meta property=\"og:description\" content=\"Taat \u010dielgiitt\u00e2s ku\u00e1sk\u00e1 matkailu.samediggi.fi -nettisij\u0111oid. Nettisij\u0111oid ku\u00e1sk\u00e1 laah\u00e2 digitaallij palv\u00e2lus\u00e2i fal\u00e2mist. Laav\u00e2 mield almos nettipalv\u00e2lusah kalgeh le\u0111e juvs\u00e2ttetteeh a\u0111ai puoh\u00e2in kalgeh le\u0111e t\u00e4sivi\u00e4rd\u00e1siih m\u00e1h\u0111ul\u00e2\u0161vuo\u0111ah kevtti\u0111 nettipalv\u00e2lus\u00e2id. \u010cielgiitt\u00e2s\u00e2st mu\u0161t\u00e2luvvoo, ete moh v\u00e1\u00e1ijuvvuo\u0111\u00e2id siij\u0111oi juvs\u00e2ttetteevuo\u0111\u00e2st l\u00e1\u00e1 j\u00e1 maht tun pu\u00e1vt\u00e1h adeli\u0111 mac\u00e2tt\u00e2s siij\u0111oi juvs\u00e2ttetteevuo\u0111\u00e2st. \u010cielgiitt\u00e2s lii rahtum 31.1.2024.\" \/>\n<meta property=\"og:url\" content=\"https:\/\/matkailu.samediggi.fi\/smn\/juvsattetteevuotacielgiittas\/\" \/>\n<meta property=\"og:site_name\" content=\"Saamelaismatkailu\" \/>\n<meta property=\"article:modified_time\" content=\"2026-01-07T10:17:26+00:00\" \/>\n<meta property=\"og:image\" content=\"https:\/\/matkailu.samediggi.fi\/wp-content\/uploads\/2022\/02\/kartta_kulttuuri-1.jpg\" \/>\n\t<meta property=\"og:image:width\" content=\"728\" \/>\n\t<meta property=\"og:image:height\" content=\"727\" \/>\n\t<meta property=\"og:image:type\" content=\"image\/jpeg\" \/>\n<meta name=\"twitter:card\" content=\"summary_large_image\" \/>\n<meta name=\"twitter:label1\" content=\"Est. reading time\" \/>\n\t<meta name=\"twitter:data1\" content=\"2 minutes\" \/>\n<script type=\"application\/ld+json\" class=\"yoast-schema-graph\">{\"@context\":\"https:\/\/schema.org\",\"@graph\":[{\"@type\":\"WebPage\",\"@id\":\"https:\/\/matkailu.samediggi.fi\/smn\/juvsattetteevuotacielgiittas\/\",\"url\":\"https:\/\/matkailu.samediggi.fi\/smn\/juvsattetteevuotacielgiittas\/\",\"name\":\"Juvs\u00e2ttetteevuot\u00e2&shy;\u010dielgiitt\u00e2s - Saamelaismatkailu\",\"isPartOf\":{\"@id\":\"https:\/\/matkailu.samediggi.fi\/smn\/#website\"},\"primaryImageOfPage\":{\"@id\":\"https:\/\/matkailu.samediggi.fi\/smn\/juvsattetteevuotacielgiittas\/#primaryimage\"},\"image\":{\"@id\":\"https:\/\/matkailu.samediggi.fi\/smn\/juvsattetteevuotacielgiittas\/#primaryimage\"},\"thumbnailUrl\":\"https:\/\/matkailu.samediggi.fi\/wp-content\/uploads\/2022\/02\/kartta_kulttuuri-1.jpg\",\"datePublished\":\"2025-06-09T09:39:41+00:00\",\"dateModified\":\"2026-01-07T10:17:26+00:00\",\"breadcrumb\":{\"@id\":\"https:\/\/matkailu.samediggi.fi\/smn\/juvsattetteevuotacielgiittas\/#breadcrumb\"},\"inLanguage\":\"smn-FI\",\"potentialAction\":[{\"@type\":\"ReadAction\",\"target\":[\"https:\/\/matkailu.samediggi.fi\/smn\/juvsattetteevuotacielgiittas\/\"]}]},{\"@type\":\"ImageObject\",\"inLanguage\":\"smn-FI\",\"@id\":\"https:\/\/matkailu.samediggi.fi\/smn\/juvsattetteevuotacielgiittas\/#primaryimage\",\"url\":\"https:\/\/matkailu.samediggi.fi\/wp-content\/uploads\/2022\/02\/kartta_kulttuuri-1.jpg\",\"contentUrl\":\"https:\/\/matkailu.samediggi.fi\/wp-content\/uploads\/2022\/02\/kartta_kulttuuri-1.jpg\",\"width\":728,\"height\":727,\"caption\":\"Kuvitus: Sunna Kitti\"},{\"@type\":\"BreadcrumbList\",\"@id\":\"https:\/\/matkailu.samediggi.fi\/smn\/juvsattetteevuotacielgiittas\/#breadcrumb\",\"itemListElement\":[{\"@type\":\"ListItem\",\"position\":1,\"name\":\"Home\",\"item\":\"https:\/\/matkailu.samediggi.fi\/smn\/\"},{\"@type\":\"ListItem\",\"position\":2,\"name\":\"Juvs\u00e2ttetteevuot\u00e2&shy;\u010dielgiitt\u00e2s\"}]},{\"@type\":\"WebSite\",\"@id\":\"https:\/\/matkailu.samediggi.fi\/smn\/#website\",\"url\":\"https:\/\/matkailu.samediggi.fi\/smn\/\",\"name\":\"Saamelaismatkailu\",\"description\":\"\",\"publisher\":{\"@id\":\"https:\/\/matkailu.samediggi.fi\/smn\/#organization\"},\"potentialAction\":[{\"@type\":\"SearchAction\",\"target\":{\"@type\":\"EntryPoint\",\"urlTemplate\":\"https:\/\/matkailu.samediggi.fi\/smn\/?s={search_term_string}\"},\"query-input\":{\"@type\":\"PropertyValueSpecification\",\"valueRequired\":true,\"valueName\":\"search_term_string\"}}],\"inLanguage\":\"smn-FI\"},{\"@type\":\"Organization\",\"@id\":\"https:\/\/matkailu.samediggi.fi\/smn\/#organization\",\"name\":\"Saamelaisk\u00e4r\u00e4j\u00e4t\",\"url\":\"https:\/\/matkailu.samediggi.fi\/smn\/\",\"logo\":{\"@type\":\"ImageObject\",\"inLanguage\":\"smn-FI\",\"@id\":\"https:\/\/matkailu.samediggi.fi\/smn\/#\/schema\/logo\/image\/\",\"url\":\"https:\/\/matkailu.samediggi.fi\/wp-content\/uploads\/2022\/02\/Samediggilogo_TxtAktiv-1.png\",\"contentUrl\":\"https:\/\/matkailu.samediggi.fi\/wp-content\/uploads\/2022\/02\/Samediggilogo_TxtAktiv-1.png\",\"width\":2490,\"height\":1044,\"caption\":\"Saamelaisk\u00e4r\u00e4j\u00e4t\"},\"image\":{\"@id\":\"https:\/\/matkailu.samediggi.fi\/smn\/#\/schema\/logo\/image\/\"}}]}<\/script>\n<!-- \/ Yoast SEO plugin. -->","yoast_head_json":{"title":"Juvs\u00e2ttetteevuot\u00e2&shy;\u010dielgiitt\u00e2s - Saamelaismatkailu","robots":{"index":"index","follow":"follow","max-snippet":"max-snippet:-1","max-image-preview":"max-image-preview:large","max-video-preview":"max-video-preview:-1"},"canonical":"https:\/\/matkailu.samediggi.fi\/smn\/juvsattetteevuotacielgiittas\/","og_locale":"en_US","og_type":"article","og_title":"Juvs\u00e2ttetteevuot\u00e2&shy;\u010dielgiitt\u00e2s - Saamelaismatkailu","og_description":"Taat \u010dielgiitt\u00e2s ku\u00e1sk\u00e1 matkailu.samediggi.fi -nettisij\u0111oid. Nettisij\u0111oid ku\u00e1sk\u00e1 laah\u00e2 digitaallij palv\u00e2lus\u00e2i fal\u00e2mist. Laav\u00e2 mield almos nettipalv\u00e2lusah kalgeh le\u0111e juvs\u00e2ttetteeh a\u0111ai puoh\u00e2in kalgeh le\u0111e t\u00e4sivi\u00e4rd\u00e1siih m\u00e1h\u0111ul\u00e2\u0161vuo\u0111ah kevtti\u0111 nettipalv\u00e2lus\u00e2id. \u010cielgiitt\u00e2s\u00e2st mu\u0161t\u00e2luvvoo, ete moh v\u00e1\u00e1ijuvvuo\u0111\u00e2id siij\u0111oi juvs\u00e2ttetteevuo\u0111\u00e2st l\u00e1\u00e1 j\u00e1 maht tun pu\u00e1vt\u00e1h adeli\u0111 mac\u00e2tt\u00e2s siij\u0111oi juvs\u00e2ttetteevuo\u0111\u00e2st. \u010cielgiitt\u00e2s lii rahtum 31.1.2024.","og_url":"https:\/\/matkailu.samediggi.fi\/smn\/juvsattetteevuotacielgiittas\/","og_site_name":"Saamelaismatkailu","article_modified_time":"2026-01-07T10:17:26+00:00","og_image":[{"width":728,"height":727,"url":"https:\/\/matkailu.samediggi.fi\/wp-content\/uploads\/2022\/02\/kartta_kulttuuri-1.jpg","type":"image\/jpeg"}],"twitter_card":"summary_large_image","twitter_misc":{"Est. reading time":"2 minutes"},"schema":{"@context":"https:\/\/schema.org","@graph":[{"@type":"WebPage","@id":"https:\/\/matkailu.samediggi.fi\/smn\/juvsattetteevuotacielgiittas\/","url":"https:\/\/matkailu.samediggi.fi\/smn\/juvsattetteevuotacielgiittas\/","name":"Juvs\u00e2ttetteevuot\u00e2&shy;\u010dielgiitt\u00e2s - Saamelaismatkailu","isPartOf":{"@id":"https:\/\/matkailu.samediggi.fi\/smn\/#website"},"primaryImageOfPage":{"@id":"https:\/\/matkailu.samediggi.fi\/smn\/juvsattetteevuotacielgiittas\/#primaryimage"},"image":{"@id":"https:\/\/matkailu.samediggi.fi\/smn\/juvsattetteevuotacielgiittas\/#primaryimage"},"thumbnailUrl":"https:\/\/matkailu.samediggi.fi\/wp-content\/uploads\/2022\/02\/kartta_kulttuuri-1.jpg","datePublished":"2025-06-09T09:39:41+00:00","dateModified":"2026-01-07T10:17:26+00:00","breadcrumb":{"@id":"https:\/\/matkailu.samediggi.fi\/smn\/juvsattetteevuotacielgiittas\/#breadcrumb"},"inLanguage":"smn-FI","potentialAction":[{"@type":"ReadAction","target":["https:\/\/matkailu.samediggi.fi\/smn\/juvsattetteevuotacielgiittas\/"]}]},{"@type":"ImageObject","inLanguage":"smn-FI","@id":"https:\/\/matkailu.samediggi.fi\/smn\/juvsattetteevuotacielgiittas\/#primaryimage","url":"https:\/\/matkailu.samediggi.fi\/wp-content\/uploads\/2022\/02\/kartta_kulttuuri-1.jpg","contentUrl":"https:\/\/matkailu.samediggi.fi\/wp-content\/uploads\/2022\/02\/kartta_kulttuuri-1.jpg","width":728,"height":727,"caption":"Kuvitus: Sunna Kitti"},{"@type":"BreadcrumbList","@id":"https:\/\/matkailu.samediggi.fi\/smn\/juvsattetteevuotacielgiittas\/#breadcrumb","itemListElement":[{"@type":"ListItem","position":1,"name":"Home","item":"https:\/\/matkailu.samediggi.fi\/smn\/"},{"@type":"ListItem","position":2,"name":"Juvs\u00e2ttetteevuot\u00e2&shy;\u010dielgiitt\u00e2s"}]},{"@type":"WebSite","@id":"https:\/\/matkailu.samediggi.fi\/smn\/#website","url":"https:\/\/matkailu.samediggi.fi\/smn\/","name":"Saamelaismatkailu","description":"","publisher":{"@id":"https:\/\/matkailu.samediggi.fi\/smn\/#organization"},"potentialAction":[{"@type":"SearchAction","target":{"@type":"EntryPoint","urlTemplate":"https:\/\/matkailu.samediggi.fi\/smn\/?s={search_term_string}"},"query-input":{"@type":"PropertyValueSpecification","valueRequired":true,"valueName":"search_term_string"}}],"inLanguage":"smn-FI"},{"@type":"Organization","@id":"https:\/\/matkailu.samediggi.fi\/smn\/#organization","name":"Saamelaisk\u00e4r\u00e4j\u00e4t","url":"https:\/\/matkailu.samediggi.fi\/smn\/","logo":{"@type":"ImageObject","inLanguage":"smn-FI","@id":"https:\/\/matkailu.samediggi.fi\/smn\/#\/schema\/logo\/image\/","url":"https:\/\/matkailu.samediggi.fi\/wp-content\/uploads\/2022\/02\/Samediggilogo_TxtAktiv-1.png","contentUrl":"https:\/\/matkailu.samediggi.fi\/wp-content\/uploads\/2022\/02\/Samediggilogo_TxtAktiv-1.png","width":2490,"height":1044,"caption":"Saamelaisk\u00e4r\u00e4j\u00e4t"},"image":{"@id":"https:\/\/matkailu.samediggi.fi\/smn\/#\/schema\/logo\/image\/"}}]}},"_links":{"self":[{"href":"https:\/\/matkailu.samediggi.fi\/smn\/wp-json\/wp\/v2\/pages\/3835","targetHints":{"allow":["GET"]}}],"collection":[{"href":"https:\/\/matkailu.samediggi.fi\/smn\/wp-json\/wp\/v2\/pages"}],"about":[{"href":"https:\/\/matkailu.samediggi.fi\/smn\/wp-json\/wp\/v2\/types\/page"}],"author":[{"embeddable":true,"href":"https:\/\/matkailu.samediggi.fi\/smn\/wp-json\/wp\/v2\/users\/8"}],"replies":[{"embeddable":true,"href":"https:\/\/matkailu.samediggi.fi\/smn\/wp-json\/wp\/v2\/comments?post=3835"}],"version-history":[{"count":37,"href":"https:\/\/matkailu.samediggi.fi\/smn\/wp-json\/wp\/v2\/pages\/3835\/revisions"}],"predecessor-version":[{"id":7496,"href":"https:\/\/matkailu.samediggi.fi\/smn\/wp-json\/wp\/v2\/pages\/3835\/revisions\/7496"}],"wp:featuredmedia":[{"embeddable":true,"href":"https:\/\/matkailu.samediggi.fi\/smn\/wp-json\/wp\/v2\/media\/199"}],"wp:attachment":[{"href":"https:\/\/matkailu.samediggi.fi\/smn\/wp-json\/wp\/v2\/media?parent=3835"}],"curies":[{"name":"wp","href":"https:\/\/api.w.org\/{rel}","templated":true}]}}